{"id":858,"date":"2021-11-27T19:21:17","date_gmt":"2021-11-27T18:21:17","guid":{"rendered":"https:\/\/www.tapadera.es\/?page_id=858"},"modified":"2023-12-23T12:21:08","modified_gmt":"2023-12-23T11:21:08","slug":"coleccion-obras-inhumanas","status":"publish","type":"page","link":"https:\/\/www.tapadera.es\/index.php\/coleccion-obras-inhumanas\/","title":{"rendered":"Colecci\u00f3n \u00abObras inhumanas\u00bb de libros"},"content":{"rendered":"\n<p class=\"wp-block-paragraph\">En colaboraci\u00f3n con Jean Claude y otros miembros de la Asociaci\u00f3n \u00abEl perrito valiente\u00bb, as\u00ed como con varios amigos, conocidos y otros personajes que pueblan nuestras vidas, iniciamos en 2006 una nueva colecci\u00f3n editorial denominada \u00abObras inhumanas\u00bb.<\/p>\n\n\n\n<p class=\"wp-block-paragraph\">La colecci\u00f3n se compone, hasta ahora de los siguientes t\u00edtulos:<\/p>\n\n\n\n<ul class=\"wp-block-list\">\n<li><strong>En busca del tiempo perdido<\/strong> (<a href=\"https:\/\/jeanclaudecubino.com\/\" data-type=\"URL\" data-id=\"https:\/\/jeanclaudecubino.com\/\">Jean <\/a><a rel=\"noreferrer noopener\" href=\"https:\/\/jeanclaudecubino.com\/\" data-type=\"URL\" data-id=\"https:\/\/jeanclaudecubino.com\/\" target=\"_blank\">Claude<\/a> y Vidal G). Abril de 2006. Literatura.<\/li>\n\n\n\n<li><strong>Bestiario<\/strong> (Felipe Pi\u00f1uela). Diciembre de 2006. Fotograf\u00eda.<\/li>\n\n\n\n<li><strong>Gautena<\/strong> (<a href=\"https:\/\/jeanclaudecubino.com\/\" data-type=\"URL\" data-id=\"https:\/\/jeanclaudecubino.com\/\">Jean <\/a><a rel=\"noreferrer noopener\" href=\"https:\/\/jeanclaudecubino.com\/\" data-type=\"URL\" data-id=\"https:\/\/jeanclaudecubino.com\/\" target=\"_blank\">Claude<\/a>). Agosto 2016. Cat\u00e1logo de exposici\u00f3n.<\/li>\n\n\n\n<li><strong>Insomnius<\/strong> (Amorfo). Abril de 2008. Fotograf\u00eda.<\/li>\n\n\n\n<li><strong>Vida del Sr. X<\/strong> (Textos an\u00f3nimos y cuadros de <a href=\"https:\/\/jeanclaudecubino.com\/\" data-type=\"URL\" data-id=\"https:\/\/jeanclaudecubino.com\/\">Jean <\/a><a rel=\"noreferrer noopener\" href=\"https:\/\/jeanclaudecubino.com\/\" data-type=\"URL\" data-id=\"https:\/\/jeanclaudecubino.com\/\" target=\"_blank\">Claude)<\/a>. Abril de 2015. Literatura<\/li>\n\n\n\n<li><strong>Viajar a Espa\u00f1a y no morir en el intento<\/strong>, (<a href=\"https:\/\/jeanclaudecubino.com\/\" data-type=\"URL\" data-id=\"https:\/\/jeanclaudecubino.com\/\">Jean <\/a><a href=\"https:\/\/jeanclaudecubino.com\/\" data-type=\"URL\" data-id=\"https:\/\/jeanclaudecubino.com\/\" target=\"_blank\" rel=\"noreferrer noopener\">Claude<\/a>, Francisco Javier Gil y Vidal G.). Agosto de 2017. Literatura.<\/li>\n<\/ul>\n\n\n\n<p class=\"wp-block-paragraph\">Estas obras se encuentran en el <a href=\"https:\/\/www.tapadera.es\/index.php\/trastero\/\">Trastero<\/a>. Casi todas est\u00e1n liberadas con licencia de uso p\u00fablico, seg\u00fan la noticia que se puede encontrar al final de cada obra, con la licencia y sus t\u00e9rminos legales.<\/p>\n\n\n\n<p class=\"wp-block-paragraph\">Ya va siendo hora de a\u00f1adir alg\u00fan nuevo miembro al grupito de libros, al menos para que haya uno para cada d\u00eda de la semana. Si crees que tu idea encaja dentro de la colecci\u00f3n, ponte en contacto no nosotros. Quiz\u00e1 sea la pr\u00f3xima de la lista.<\/p>\n\n\n<div class=\"wp-block-image\">\n<figure class=\"aligncenter size-full\"><img loading=\"lazy\" decoding=\"async\" width=\"600\" height=\"219\" src=\"https:\/\/www.tapadera.es\/wp-content\/uploads\/1636\/87\/portada_insomnius_amorfo_tapadera.jpg\" alt=\"Portada del libro &quot;Insomnius&quot; de Amorfo\" class=\"wp-image-207\" srcset=\"https:\/\/www.tapadera.es\/wp-content\/uploads\/1636\/87\/portada_insomnius_amorfo_tapadera.jpg 600w, https:\/\/www.tapadera.es\/wp-content\/uploads\/1636\/87\/portada_insomnius_amorfo_tapadera-300x110.jpg 300w\" sizes=\"auto, (max-width: 600px) 100vw, 600px\" \/><\/figure>\n<\/div>","protected":false},"excerpt":{"rendered":"<p>En colaboraci\u00f3n con Jean Claude y otros miembros de la Asociaci\u00f3n \u00abEl perrito valiente\u00bb, as\u00ed como con varios amigos, conocidos y otros personajes que pueblan nuestras&#46;&#46;&#46;<\/p>\n","protected":false},"author":1,"featured_media":0,"parent":0,"menu_order":20,"comment_status":"closed","ping_status":"closed","template":"","meta":{"_crdt_document":"","footnotes":""},"class_list":["post-858","page","type-page","status-publish","hentry"],"_links":{"self":[{"href":"https:\/\/www.tapadera.es\/index.php\/wp-json\/wp\/v2\/pages\/858","targetHints":{"allow":["GET"]}}],"collection":[{"href":"https:\/\/www.tapadera.es\/index.php\/wp-json\/wp\/v2\/pages"}],"about":[{"href":"https:\/\/www.tapadera.es\/index.php\/wp-json\/wp\/v2\/types\/page"}],"author":[{"embeddable":true,"href":"https:\/\/www.tapadera.es\/index.php\/wp-json\/wp\/v2\/users\/1"}],"replies":[{"embeddable":true,"href":"https:\/\/www.tapadera.es\/index.php\/wp-json\/wp\/v2\/comments?post=858"}],"version-history":[{"count":5,"href":"https:\/\/www.tapadera.es\/index.php\/wp-json\/wp\/v2\/pages\/858\/revisions"}],"predecessor-version":[{"id":1167,"href":"https:\/\/www.tapadera.es\/index.php\/wp-json\/wp\/v2\/pages\/858\/revisions\/1167"}],"wp:attachment":[{"href":"https:\/\/www.tapadera.es\/index.php\/wp-json\/wp\/v2\/media?parent=858"}],"curies":[{"name":"wp","href":"https:\/\/api.w.org\/{rel}","templated":true}]}}

Colección «Obras inhumanas» de libros

<p class="wp-block-paragraph">En colaboración con Jean Claude y otros miembros de la Asociación «El perrito valiente», así como con varios amigos, conocidos y otros personajes que pueblan nuestras vidas, iniciamos en 2006 una nueva colección editorial denominada «Obras inhumanas».</p>



<p class="wp-block-paragraph">La colección se compone, hasta ahora de los siguientes títulos:</p>



<ul class="wp-block-list">
<li><strong>En busca del tiempo perdido</strong> (<a href="https://jeanclaudecubino.com/" data-type="URL" data-id="https://jeanclaudecubino.com/">Jean </a><a rel="noreferrer noopener" href="https://jeanclaudecubino.com/" data-type="URL" data-id="https://jeanclaudecubino.com/" target="_blank">Claude</a> y Vidal G). Abril de 2006. Literatura.</li>



<li><strong>Bestiario</strong> (Felipe Piñuela). Diciembre de 2006. Fotografía.</li>



<li><strong>Gautena</strong> (<a href="https://jeanclaudecubino.com/" data-type="URL" data-id="https://jeanclaudecubino.com/">Jean </a><a rel="noreferrer noopener" href="https://jeanclaudecubino.com/" data-type="URL" data-id="https://jeanclaudecubino.com/" target="_blank">Claude</a>). Agosto 2016. Catálogo de exposición.</li>



<li><strong>Insomnius</strong> (Amorfo). Abril de 2008. Fotografía.</li>



<li><strong>Vida del Sr. X</strong> (Textos anónimos y cuadros de <a href="https://jeanclaudecubino.com/" data-type="URL" data-id="https://jeanclaudecubino.com/">Jean </a><a rel="noreferrer noopener" href="https://jeanclaudecubino.com/" data-type="URL" data-id="https://jeanclaudecubino.com/" target="_blank">Claude)</a>. Abril de 2015. Literatura</li>



<li><strong>Viajar a España y no morir en el intento</strong>, (<a href="https://jeanclaudecubino.com/" data-type="URL" data-id="https://jeanclaudecubino.com/">Jean </a><a href="https://jeanclaudecubino.com/" data-type="URL" data-id="https://jeanclaudecubino.com/" target="_blank" rel="noreferrer noopener">Claude</a>, Francisco Javier Gil y Vidal G.). Agosto de 2017. Literatura.</li>
</ul>



<p class="wp-block-paragraph">Estas obras se encuentran en el <a href="https://www.tapadera.es/index.php/trastero/">Trastero</a>. Casi todas están liberadas con licencia de uso público, según la noticia que se puede encontrar al final de cada obra, con la licencia y sus términos legales.</p>



<p class="wp-block-paragraph">Ya va siendo hora de añadir algún nuevo miembro al grupito de libros, al menos para que haya uno para cada día de la semana. Si crees que tu idea encaja dentro de la colección, ponte en contacto no nosotros. Quizá sea la próxima de la lista.</p>


<div class="wp-block-image">
<figure class="aligncenter size-full"><img loading="lazy" decoding="async" width="600" height="219" src="https://www.tapadera.es/wp-content/uploads/1636/87/portada_insomnius_amorfo_tapadera.jpg" alt="Portada del libro &quot;Insomnius&quot; de Amorfo" class="wp-image-207" srcset="https://www.tapadera.es/wp-content/uploads/1636/87/portada_insomnius_amorfo_tapadera.jpg 600w, https://www.tapadera.es/wp-content/uploads/1636/87/portada_insomnius_amorfo_tapadera-300x110.jpg 300w" sizes="auto, (max-width: 600px) 100vw, 600px" /></figure>
</div>

<p>En colaboración con Jean Claude y otros miembros de la Asociación «El perrito valiente», así como con varios amigos, conocidos y otros personajes que pueblan nuestras&#46;&#46;&#46;</p>
