{"id":860,"date":"2021-11-27T19:25:34","date_gmt":"2021-11-27T18:25:34","guid":{"rendered":"https:\/\/www.tapadera.es\/?page_id=860"},"modified":"2023-01-20T11:10:48","modified_gmt":"2023-01-20T10:10:48","slug":"cursos","status":"publish","type":"page","link":"https:\/\/www.tapadera.es\/index.php\/cursos\/","title":{"rendered":"Cursos"},"content":{"rendered":"\n<p class=\"wp-block-paragraph\">\u00abLa Tapadera\u00bb realiz\u00f3 en sus instalaciones de la calle Cabeza de Vaca de Salamanca, una serie de cursos de varias disciplinas de las que m\u00e1s abajo queda la referencia para los curiosos.<\/p>\n\n\n\n<h3 class=\"wp-block-heading\" id=\"cursos-de-fotografia-impartidos\">CURSOS DE FOTOGRAF\u00cdA IMPARTIDOS<\/h3>\n\n\n\n<p class=\"wp-block-paragraph\">Nuestra asociaci\u00f3n ha impartido cursillos de fotograf\u00eda y grabado con objeto de dar difusi\u00f3n y auge a dichas t\u00e9cnicas. Se han impartido hasta el momento los cursos que se indican en el listado de m\u00e1s abajo.<\/p>\n\n\n\n<ul class=\"wp-block-list\">\n<li>I Curso de Fotograf\u00eda: (28 horas; 4 alumnos): 1\/2 al 15\/4\/97<\/li>\n\n\n\n<li>II Curso de Fotograf\u00eda: (28 horas; 6 alumnos): 26\/4 al 20\/6\/97<\/li>\n\n\n\n<li>III Curso de Fotograf\u00eda: (28 horas; 4 alumnos): 25\/10 al 18\/12\/97<\/li>\n\n\n\n<li>IV Curso de Fotograf\u00eda: (28 horas; 4 alumnos): 16\/1 al 1\/3\/98<\/li>\n\n\n\n<li>V Curso de Fotograf\u00eda (28 horas; 4 alumnos): 3\/3 al 28\/5\/98<\/li>\n\n\n\n<li>VI Curso de Fotograf\u00eda (28 horas; 8 alumnos): 7\/11 al 20\/12\/98<\/li>\n<\/ul>\n\n\n\n<h3 class=\"wp-block-heading\" id=\"cursos-de-grabado-impartidos\">CURSOS DE GRABADO IMPARTIDOS<\/h3>\n\n\n\n<ul class=\"wp-block-list\">\n<li>I Curso de Grabado (36 horas; 6 alumnos): 20\/1 al 28\/2\/98<\/li>\n\n\n\n<li>II Curso de Grabado (36 horas; 2 alumnos): 6\/8 al 27\/8\/98<\/li>\n<\/ul>\n\n\n\n<h3 class=\"wp-block-heading\" id=\"material-didactico-descargable\">MATERIAL DID\u00c1CTICO DESCARGABLE<\/h3>\n\n\n\n<p class=\"wp-block-paragraph\">Estos cursos est\u00e1n a disposici\u00f3n del p\u00fablico para su descarga.<\/p>\n\n\n\n<p class=\"wp-block-paragraph\">Los documentos en formato PDF de los mismos son para uso personal, did\u00e1ctico y no lucrativo.<\/p>\n\n\n\n<p class=\"wp-block-paragraph\">Los textos de todos los cursos han sido elaborados por socios de \u00abLa Tapadera\u00bb y su uso est\u00e1 restringido a los fines citados. En caso de ser usados para publicaciones, docencia&#8230; se deber\u00e1 solicitar una autorizaci\u00f3n por escrito. Deseamos recibir a cambio las mejoras y ampliaciones que se hagan sobre ellos para ir aumentando la calidad y la utilidad de los mismos. \u00a1GRACIAS POR TU COLABORACI\u00d3N!<\/p>\n\n\n\n<ul class=\"wp-block-list\">\n<li>Curso de fotograf\u00eda qu\u00edmica (892 Kb.)<\/li>\n\n\n\n<li>Curso de fotograf\u00eda digital (568 Kb.)<\/li>\n\n\n\n<li>Curso de grabado (217 Kb.)<\/li>\n<\/ul>\n\n\n\n<p class=\"wp-block-paragraph\">En el <a href=\"https:\/\/www.tapadera.es\/index.php\/trastero\/\">Trastero<\/a> se encuentran guardados los enlaces a estos textos, s\u00edrvanse pasar por all\u00ed y solicitarlos al hermano archivero. \ud83d\ude42<\/p>\n\n\n<div class=\"wp-block-image\">\n<figure class=\"aligncenter size-large is-resized\"><img loading=\"lazy\" decoding=\"async\" src=\"https:\/\/www.tapadera.es\/wp-content\/uploads\/1636\/87\/cursos_fotografia_la_tapadera_salamanca_cartel_antiguo-692x1024.jpg\" alt=\"Cursos de fotograf\u00eda de &quot;La tapadera&quot;\" class=\"wp-image-156\" width=\"360\" height=\"533\" srcset=\"https:\/\/www.tapadera.es\/wp-content\/uploads\/1636\/87\/cursos_fotografia_la_tapadera_salamanca_cartel_antiguo-692x1024.jpg 692w, https:\/\/www.tapadera.es\/wp-content\/uploads\/1636\/87\/cursos_fotografia_la_tapadera_salamanca_cartel_antiguo-203x300.jpg 203w, https:\/\/www.tapadera.es\/wp-content\/uploads\/1636\/87\/cursos_fotografia_la_tapadera_salamanca_cartel_antiguo-768x1137.jpg 768w, https:\/\/www.tapadera.es\/wp-content\/uploads\/1636\/87\/cursos_fotografia_la_tapadera_salamanca_cartel_antiguo-1038x1536.jpg 1038w, https:\/\/www.tapadera.es\/wp-content\/uploads\/1636\/87\/cursos_fotografia_la_tapadera_salamanca_cartel_antiguo-1384x2048.jpg 1384w, https:\/\/www.tapadera.es\/wp-content\/uploads\/1636\/87\/cursos_fotografia_la_tapadera_salamanca_cartel_antiguo.jpg 1516w\" sizes=\"auto, (max-width: 360px) 100vw, 360px\" \/><\/figure>\n<\/div>","protected":false},"excerpt":{"rendered":"<p>\u00abLa Tapadera\u00bb realiz\u00f3 en sus instalaciones de la calle Cabeza de Vaca de Salamanca, una serie de cursos de varias disciplinas de las que m\u00e1s abajo&#46;&#46;&#46;<\/p>\n","protected":false},"author":1,"featured_media":0,"parent":0,"menu_order":19,"comment_status":"closed","ping_status":"closed","template":"","meta":{"_crdt_document":"","footnotes":""},"class_list":["post-860","page","type-page","status-publish","hentry"],"_links":{"self":[{"href":"https:\/\/www.tapadera.es\/index.php\/wp-json\/wp\/v2\/pages\/860","targetHints":{"allow":["GET"]}}],"collection":[{"href":"https:\/\/www.tapadera.es\/index.php\/wp-json\/wp\/v2\/pages"}],"about":[{"href":"https:\/\/www.tapadera.es\/index.php\/wp-json\/wp\/v2\/types\/page"}],"author":[{"embeddable":true,"href":"https:\/\/www.tapadera.es\/index.php\/wp-json\/wp\/v2\/users\/1"}],"replies":[{"embeddable":true,"href":"https:\/\/www.tapadera.es\/index.php\/wp-json\/wp\/v2\/comments?post=860"}],"version-history":[{"count":3,"href":"https:\/\/www.tapadera.es\/index.php\/wp-json\/wp\/v2\/pages\/860\/revisions"}],"predecessor-version":[{"id":931,"href":"https:\/\/www.tapadera.es\/index.php\/wp-json\/wp\/v2\/pages\/860\/revisions\/931"}],"wp:attachment":[{"href":"https:\/\/www.tapadera.es\/index.php\/wp-json\/wp\/v2\/media?parent=860"}],"curies":[{"name":"wp","href":"https:\/\/api.w.org\/{rel}","templated":true}]}}

<p class="wp-block-paragraph">«La Tapadera» realizó en sus instalaciones de la calle Cabeza de Vaca de Salamanca, una serie de cursos de varias disciplinas de las que más abajo queda la referencia para los curiosos.</p>



<h3 class="wp-block-heading" id="cursos-de-fotografia-impartidos">CURSOS DE FOTOGRAFÍA IMPARTIDOS</h3>



<p class="wp-block-paragraph">Nuestra asociación ha impartido cursillos de fotografía y grabado con objeto de dar difusión y auge a dichas técnicas. Se han impartido hasta el momento los cursos que se indican en el listado de más abajo.</p>



<ul class="wp-block-list">
<li>I Curso de Fotografía: (28 horas; 4 alumnos): 1/2 al 15/4/97</li>



<li>II Curso de Fotografía: (28 horas; 6 alumnos): 26/4 al 20/6/97</li>



<li>III Curso de Fotografía: (28 horas; 4 alumnos): 25/10 al 18/12/97</li>



<li>IV Curso de Fotografía: (28 horas; 4 alumnos): 16/1 al 1/3/98</li>



<li>V Curso de Fotografía (28 horas; 4 alumnos): 3/3 al 28/5/98</li>



<li>VI Curso de Fotografía (28 horas; 8 alumnos): 7/11 al 20/12/98</li>
</ul>



<h3 class="wp-block-heading" id="cursos-de-grabado-impartidos">CURSOS DE GRABADO IMPARTIDOS</h3>



<ul class="wp-block-list">
<li>I Curso de Grabado (36 horas; 6 alumnos): 20/1 al 28/2/98</li>



<li>II Curso de Grabado (36 horas; 2 alumnos): 6/8 al 27/8/98</li>
</ul>



<h3 class="wp-block-heading" id="material-didactico-descargable">MATERIAL DIDÁCTICO DESCARGABLE</h3>



<p class="wp-block-paragraph">Estos cursos están a disposición del público para su descarga.</p>



<p class="wp-block-paragraph">Los documentos en formato PDF de los mismos son para uso personal, didáctico y no lucrativo.</p>



<p class="wp-block-paragraph">Los textos de todos los cursos han sido elaborados por socios de «La Tapadera» y su uso está restringido a los fines citados. En caso de ser usados para publicaciones, docencia&#8230; se deberá solicitar una autorización por escrito. Deseamos recibir a cambio las mejoras y ampliaciones que se hagan sobre ellos para ir aumentando la calidad y la utilidad de los mismos. ¡GRACIAS POR TU COLABORACIÓN!</p>



<ul class="wp-block-list">
<li>Curso de fotografía química (892 Kb.)</li>



<li>Curso de fotografía digital (568 Kb.)</li>



<li>Curso de grabado (217 Kb.)</li>
</ul>



<p class="wp-block-paragraph">En el <a href="https://www.tapadera.es/index.php/trastero/">Trastero</a> se encuentran guardados los enlaces a estos textos, sírvanse pasar por allí y solicitarlos al hermano archivero. 🙂</p>


<div class="wp-block-image">
<figure class="aligncenter size-large is-resized"><img loading="lazy" decoding="async" src="https://www.tapadera.es/wp-content/uploads/1636/87/cursos_fotografia_la_tapadera_salamanca_cartel_antiguo-692x1024.jpg" alt="Cursos de fotografía de &quot;La tapadera&quot;" class="wp-image-156" width="360" height="533" srcset="https://www.tapadera.es/wp-content/uploads/1636/87/cursos_fotografia_la_tapadera_salamanca_cartel_antiguo-692x1024.jpg 692w, https://www.tapadera.es/wp-content/uploads/1636/87/cursos_fotografia_la_tapadera_salamanca_cartel_antiguo-203x300.jpg 203w, https://www.tapadera.es/wp-content/uploads/1636/87/cursos_fotografia_la_tapadera_salamanca_cartel_antiguo-768x1137.jpg 768w, https://www.tapadera.es/wp-content/uploads/1636/87/cursos_fotografia_la_tapadera_salamanca_cartel_antiguo-1038x1536.jpg 1038w, https://www.tapadera.es/wp-content/uploads/1636/87/cursos_fotografia_la_tapadera_salamanca_cartel_antiguo-1384x2048.jpg 1384w, https://www.tapadera.es/wp-content/uploads/1636/87/cursos_fotografia_la_tapadera_salamanca_cartel_antiguo.jpg 1516w" sizes="auto, (max-width: 360px) 100vw, 360px" /></figure>
</div>

<p>«La Tapadera» realizó en sus instalaciones de la calle Cabeza de Vaca de Salamanca, una serie de cursos de varias disciplinas de las que más abajo&#46;&#46;&#46;</p>
