{"id":862,"date":"2021-11-27T19:29:35","date_gmt":"2021-11-27T18:29:35","guid":{"rendered":"https:\/\/www.tapadera.es\/?page_id=862"},"modified":"2023-01-20T11:05:55","modified_gmt":"2023-01-20T10:05:55","slug":"mercados-medievales","status":"publish","type":"page","link":"https:\/\/www.tapadera.es\/index.php\/mercados-medievales\/","title":{"rendered":"Medievales"},"content":{"rendered":"\n<p class=\"wp-block-paragraph\">La inquietud por el desarrollo de actividades nos ha llevado m\u00e1s all\u00e1 de las fronteras locales hacia otras localidades, provincias y comunidades aut\u00f3nomas. Es nuestro deseo de hacer que la obra artesanal y art\u00edstica de nuestros asociados y otros colaboradores llegue lo m\u00e1s lejos posible, posibilitando adem\u00e1s la convivencia, la diversi\u00f3n y sobre todo el contacto con gentes y lugares de especial inter\u00e9s. Viajar para ver, ver para conocer, conocer para gozar.<\/p>\n\n\n\n<p class=\"wp-block-paragraph\">Hemos sido participantes que dejan huella en los mercados de:<\/p>\n\n\n\n<ul class=\"wp-block-list\">\n<li>I Mercado Medieval de Salamanca: 13 al 15\/9\/1997<\/li>\n\n\n\n<li>Torneo y Fest\u00edn Medieval de Pe\u00f1afiel (Valladolid): 5\/10\/1997<\/li>\n\n\n\n<li>II Mercado Medieval de Miranda de Ebro (Burgos): 30\/4 al 3\/5\/1998<\/li>\n\n\n\n<li>Mercado Medieval de Logro\u00f1o (La Rioja): 10 al 12\/6\/1998<\/li>\n\n\n\n<li>Mercado Medieval de Torrevieja (Alicante): 18 al 19\/7\/1998<\/li>\n\n\n\n<li>Mercado Medieval de Mansilla de las Mulas (Le\u00f3n): 25 y 26\/7\/1998<\/li>\n\n\n\n<li>Mercado Medieval de B\u00e9jar (Salamanca): 1 y 2\/8\/1998<\/li>\n\n\n\n<li>Mercado Medieval de Alc\u00e1ntara (C\u00e1ceres): 7 al 9\/8\/1998<\/li>\n\n\n\n<li>Mercado Medieval de Puebla de Sanabria (Zamora): 15 y 16\/8\/1998<\/li>\n\n\n\n<li>Mercau Astur de Xix\u00f3n (Asturias): 29 y 30\/8\/1998<\/li>\n\n\n\n<li>II Mercado Medieval de Bembibre (Le\u00f3n): 13 y 14\/9\/1998<\/li>\n\n\n\n<li>Mercado Medieval de Le\u00f3n: 3 y 4\/10\/1998<\/li>\n\n\n\n<li>Mercado Medieval de Mansilla de las Mulas (Le\u00f3n): 17 y 18\/7\/1999<\/li>\n\n\n\n<li>Mercado Medieval de Medina de Pomar (Burgos): 31\/7\/99 y 1\/8\/1999<\/li>\n\n\n\n<li>Mercau Astur de Cand\u00e1s (Asturias): 7 y 8\/8\/1999<\/li>\n\n\n\n<li>Mercado Medieval de Belorado (Burgos): 21 y 22\/8\/1999<\/li>\n\n\n\n<li>Mercado Medieval de Alba de Tormes (Salamanca): 28 y 29\/9\/1999<\/li>\n\n\n\n<li>Mercado Medieval de Palencia: 4 y 5\/9\/1999<\/li>\n\n\n\n<li>Mercado Medieval de Salamanca: 13 al 15\/9\/1999<\/li>\n\n\n\n<li>Mercado Medieval de Pe\u00f1afiel (Valladolid): 2 y 3\/10\/1999<\/li>\n\n\n\n<li>Mercado Medieval de Palencia: 2 y 3\/9\/2000<\/li>\n\n\n\n<li>Mercado Medieval de Zamora: 14 y 15\/7\/2001<\/li>\n<\/ul>\n\n\n\n<p class=\"wp-block-paragraph\">Hay fotos tomadas por Vidal G en los mercados en que tanto nos divertimos. Se encuentran en la \u00abGaler\u00eda de recuerdos\u00bb<\/p>\n\n\n<div class=\"wp-block-image\">\n<figure class=\"aligncenter size-large is-resized\"><img loading=\"lazy\" decoding=\"async\" src=\"https:\/\/www.tapadera.es\/wp-content\/uploads\/1636\/88\/mercado_24-1024x671.jpg\" alt=\"Mini-mercado medieval en Pe\u00f1afiel\" class=\"wp-image-305\" width=\"623\" height=\"408\" srcset=\"https:\/\/www.tapadera.es\/wp-content\/uploads\/1636\/88\/mercado_24-1024x671.jpg 1024w, https:\/\/www.tapadera.es\/wp-content\/uploads\/1636\/88\/mercado_24-300x197.jpg 300w, https:\/\/www.tapadera.es\/wp-content\/uploads\/1636\/88\/mercado_24-768x503.jpg 768w, https:\/\/www.tapadera.es\/wp-content\/uploads\/1636\/88\/mercado_24.jpg 1280w\" sizes=\"auto, (max-width: 623px) 100vw, 623px\" \/><figcaption class=\"wp-element-caption\">Mini-mercado medieval en Pe\u00f1afiel<\/figcaption><\/figure>\n<\/div>","protected":false},"excerpt":{"rendered":"<p>La inquietud por el desarrollo de actividades nos ha llevado m\u00e1s all\u00e1 de las fronteras locales hacia otras localidades, provincias y comunidades aut\u00f3nomas. Es nuestro deseo&#46;&#46;&#46;<\/p>\n","protected":false},"author":1,"featured_media":0,"parent":0,"menu_order":18,"comment_status":"closed","ping_status":"closed","template":"","meta":{"_crdt_document":"","footnotes":""},"class_list":["post-862","page","type-page","status-publish","hentry"],"_links":{"self":[{"href":"https:\/\/www.tapadera.es\/index.php\/wp-json\/wp\/v2\/pages\/862","targetHints":{"allow":["GET"]}}],"collection":[{"href":"https:\/\/www.tapadera.es\/index.php\/wp-json\/wp\/v2\/pages"}],"about":[{"href":"https:\/\/www.tapadera.es\/index.php\/wp-json\/wp\/v2\/types\/page"}],"author":[{"embeddable":true,"href":"https:\/\/www.tapadera.es\/index.php\/wp-json\/wp\/v2\/users\/1"}],"replies":[{"embeddable":true,"href":"https:\/\/www.tapadera.es\/index.php\/wp-json\/wp\/v2\/comments?post=862"}],"version-history":[{"count":3,"href":"https:\/\/www.tapadera.es\/index.php\/wp-json\/wp\/v2\/pages\/862\/revisions"}],"predecessor-version":[{"id":929,"href":"https:\/\/www.tapadera.es\/index.php\/wp-json\/wp\/v2\/pages\/862\/revisions\/929"}],"wp:attachment":[{"href":"https:\/\/www.tapadera.es\/index.php\/wp-json\/wp\/v2\/media?parent=862"}],"curies":[{"name":"wp","href":"https:\/\/api.w.org\/{rel}","templated":true}]}}

<p class="wp-block-paragraph">La inquietud por el desarrollo de actividades nos ha llevado más allá de las fronteras locales hacia otras localidades, provincias y comunidades autónomas. Es nuestro deseo de hacer que la obra artesanal y artística de nuestros asociados y otros colaboradores llegue lo más lejos posible, posibilitando además la convivencia, la diversión y sobre todo el contacto con gentes y lugares de especial interés. Viajar para ver, ver para conocer, conocer para gozar.</p>



<p class="wp-block-paragraph">Hemos sido participantes que dejan huella en los mercados de:</p>



<ul class="wp-block-list">
<li>I Mercado Medieval de Salamanca: 13 al 15/9/1997</li>



<li>Torneo y Festín Medieval de Peñafiel (Valladolid): 5/10/1997</li>



<li>II Mercado Medieval de Miranda de Ebro (Burgos): 30/4 al 3/5/1998</li>



<li>Mercado Medieval de Logroño (La Rioja): 10 al 12/6/1998</li>



<li>Mercado Medieval de Torrevieja (Alicante): 18 al 19/7/1998</li>



<li>Mercado Medieval de Mansilla de las Mulas (León): 25 y 26/7/1998</li>



<li>Mercado Medieval de Béjar (Salamanca): 1 y 2/8/1998</li>



<li>Mercado Medieval de Alcántara (Cáceres): 7 al 9/8/1998</li>



<li>Mercado Medieval de Puebla de Sanabria (Zamora): 15 y 16/8/1998</li>



<li>Mercau Astur de Xixón (Asturias): 29 y 30/8/1998</li>



<li>II Mercado Medieval de Bembibre (León): 13 y 14/9/1998</li>



<li>Mercado Medieval de León: 3 y 4/10/1998</li>



<li>Mercado Medieval de Mansilla de las Mulas (León): 17 y 18/7/1999</li>



<li>Mercado Medieval de Medina de Pomar (Burgos): 31/7/99 y 1/8/1999</li>



<li>Mercau Astur de Candás (Asturias): 7 y 8/8/1999</li>



<li>Mercado Medieval de Belorado (Burgos): 21 y 22/8/1999</li>



<li>Mercado Medieval de Alba de Tormes (Salamanca): 28 y 29/9/1999</li>



<li>Mercado Medieval de Palencia: 4 y 5/9/1999</li>



<li>Mercado Medieval de Salamanca: 13 al 15/9/1999</li>



<li>Mercado Medieval de Peñafiel (Valladolid): 2 y 3/10/1999</li>



<li>Mercado Medieval de Palencia: 2 y 3/9/2000</li>



<li>Mercado Medieval de Zamora: 14 y 15/7/2001</li>
</ul>



<p class="wp-block-paragraph">Hay fotos tomadas por Vidal G en los mercados en que tanto nos divertimos. Se encuentran en la «Galería de recuerdos»</p>


<div class="wp-block-image">
<figure class="aligncenter size-large is-resized"><img loading="lazy" decoding="async" src="https://www.tapadera.es/wp-content/uploads/1636/88/mercado_24-1024x671.jpg" alt="Mini-mercado medieval en Peñafiel" class="wp-image-305" width="623" height="408" srcset="https://www.tapadera.es/wp-content/uploads/1636/88/mercado_24-1024x671.jpg 1024w, https://www.tapadera.es/wp-content/uploads/1636/88/mercado_24-300x197.jpg 300w, https://www.tapadera.es/wp-content/uploads/1636/88/mercado_24-768x503.jpg 768w, https://www.tapadera.es/wp-content/uploads/1636/88/mercado_24.jpg 1280w" sizes="auto, (max-width: 623px) 100vw, 623px" /><figcaption class="wp-element-caption">Mini-mercado medieval en Peñafiel</figcaption></figure>
</div>

<p>La inquietud por el desarrollo de actividades nos ha llevado más allá de las fronteras locales hacia otras localidades, provincias y comunidades autónomas. Es nuestro deseo&#46;&#46;&#46;</p>
